{"id":8577,"date":"2015-07-06T14:06:21","date_gmt":"2015-07-06T12:06:21","guid":{"rendered":"http:\/\/djecja.tv\/?page_id=8577"},"modified":"2019-01-03T00:33:12","modified_gmt":"2019-01-02T23:33:12","slug":"pisi-uni","status":"publish","type":"page","link":"https:\/\/djecja.tv\/?page_id=8577","title":{"rendered":"Pi\u0161i Uni"},"content":{"rendered":"[vc_row fullwidth=&#8221;true&#8221; equal_columns=&#8221;true&#8221;][vc_column][mk_image src=&#8221;http:\/\/djecja.tv\/wp-content\/uploads\/2019\/01\/pisi-uni-h-web.jpg&#8221; image_size=&#8221;full&#8221;][mk_divider style=&#8221;padding_space&#8221;][\/vc_column][\/vc_row][vc_row][vc_column width=&#8221;1\/2&#8243;][mk_image src=&#8221;http:\/\/djecja.tv\/wp-content\/uploads\/2015\/07\/una-pisiuni.jpg&#8221; image_width=&#8221;500&#8243; image_height=&#8221;500&#8243; crop=&#8221;false&#8221;][\/vc_column][vc_column width=&#8221;1\/2&#8243;][vc_column_text css=&#8221;.vc_custom_1546471985434{margin-bottom: 0px !important;}&#8221;]Una Zima, voditeljica je i urednica va\u0161e i na\u0161e Dje\u010dje televizije. Osim \u0161to vodi Dje\u010dju televiziju, Una u slobodno vrijeme voli \u010ditati, slu\u0161ati glazbu, putovati, i\u0107i na izlete u\u00a0prirodu, plesati i dru\u017eiti se s djecom. Najvi\u0161e voli zimske sportove \u2013 klizanje i skijanje.<\/p>\n<p>Mo\u017eete joj pisati o tome \u0161to vam se svi\u0111a na Dje\u010djoj televiziji ili je pitati \u0161to vas zanima. Draga djeco, Uni mo\u017eete pisati na email adresu <a href=\"mailto:una@djecja.tv\">una@djecja.tv<\/a>[\/vc_column_text][\/vc_column][\/vc_row]\n","protected":false},"excerpt":{"rendered":"<p>[vc_row fullwidth=&#8221;true&#8221; equal_columns=&#8221;true&#8221;][vc_column][mk_image src=&#8221;http:\/\/djecja.tv\/wp-content\/uploads\/2019\/01\/pisi-uni-h-web.jpg&#8221; image_size=&#8221;full&#8221;][mk_divider style=&#8221;padding_space&#8221;][\/vc_column][\/vc_row][vc_row][vc_column width=&#8221;1\/2&#8243;][mk_image src=&#8221;http:\/\/djecja.tv\/wp-content\/uploads\/2015\/07\/una-pisiuni.jpg&#8221; image_width=&#8221;500&#8243; image_height=&#8221;500&#8243; crop=&#8221;false&#8221;][\/vc_column][vc_column width=&#8221;1\/2&#8243;][vc_column_text css=&#8221;.vc_custom_1546471985434{margin-bottom: 0px !important;}&#8221;]Una Zima, voditeljica je i urednica va\u0161e i na\u0161e Dje\u010dje televizije. Osim \u0161to vodi Dje\u010dju televiziju, Una u slobodno vrijeme voli \u010ditati, slu\u0161ati glazbu, putovati, i\u0107i na izlete u\u00a0prirodu, plesati i dru\u017eiti se s djecom. Najvi\u0161e voli zimske sportove \u2013 klizanje [&hellip;]<\/p>\n","protected":false},"author":1,"featured_media":0,"parent":0,"menu_order":0,"comment_status":"open","ping_status":"open","template":"","meta":{"footnotes":""},"class_list":["post-8577","page","type-page","status-publish","hentry"],"yoast_head":"<!-- This site is optimized with the Yoast SEO plugin v27.4 - https:\/\/yoast.com\/product\/yoast-seo-wordpress\/ -->\n<title>Pi\u0161i Uni - Dje\u010dja televizija<\/title>\n<meta name=\"robots\" content=\"index, follow, max-snippet:-1, max-image-preview:large, max-video-preview:-1\" \/>\n<link rel=\"canonical\" href=\"https:\/\/djecja.tv\/?page_id=8577\" \/>\n<meta property=\"og:locale\" content=\"en_US\" \/>\n<meta property=\"og:type\" content=\"article\" \/>\n<meta property=\"og:title\" content=\"Pi\u0161i Uni - Dje\u010dja televizija\" \/>\n<meta property=\"og:description\" content=\"[vc_row fullwidth=&#8221;true&#8221; equal_columns=&#8221;true&#8221;][vc_column][mk_image src=&#8221;http:\/\/djecja.tv\/wp-content\/uploads\/2019\/01\/pisi-uni-h-web.jpg&#8221; image_size=&#8221;full&#8221;][mk_divider style=&#8221;padding_space&#8221;][\/vc_column][\/vc_row][vc_row][vc_column width=&#8221;1\/2&#8243;][mk_image src=&#8221;http:\/\/djecja.tv\/wp-content\/uploads\/2015\/07\/una-pisiuni.jpg&#8221; image_width=&#8221;500&#8243; image_height=&#8221;500&#8243; crop=&#8221;false&#8221;][\/vc_column][vc_column width=&#8221;1\/2&#8243;][vc_column_text css=&#8221;.vc_custom_1546471985434{margin-bottom: 0px !important;}&#8221;]Una Zima, voditeljica je i urednica va\u0161e i na\u0161e Dje\u010dje televizije. Osim \u0161to vodi Dje\u010dju televiziju, Una u slobodno vrijeme voli \u010ditati, slu\u0161ati glazbu, putovati, i\u0107i na izlete u\u00a0prirodu, plesati i dru\u017eiti se s djecom. Najvi\u0161e voli zimske sportove \u2013 klizanje [&hellip;]\" \/>\n<meta property=\"og:url\" content=\"https:\/\/djecja.tv\/?page_id=8577\" \/>\n<meta property=\"og:site_name\" content=\"Dje\u010dja televizija\" \/>\n<meta property=\"article:modified_time\" content=\"2019-01-02T23:33:12+00:00\" \/>\n<meta name=\"twitter:card\" content=\"summary_large_image\" \/>\n<meta name=\"twitter:label1\" content=\"Est. reading time\" \/>\n\t<meta name=\"twitter:data1\" content=\"1 minute\" \/>\n<script type=\"application\/ld+json\" class=\"yoast-schema-graph\">{\"@context\":\"https:\\\/\\\/schema.org\",\"@graph\":[{\"@type\":\"WebPage\",\"@id\":\"https:\\\/\\\/djecja.tv\\\/?page_id=8577\",\"url\":\"https:\\\/\\\/djecja.tv\\\/?page_id=8577\",\"name\":\"Pi\u0161i Uni - Dje\u010dja televizija\",\"isPartOf\":{\"@id\":\"https:\\\/\\\/djecja.tv\\\/#website\"},\"datePublished\":\"2015-07-06T12:06:21+00:00\",\"dateModified\":\"2019-01-02T23:33:12+00:00\",\"breadcrumb\":{\"@id\":\"https:\\\/\\\/djecja.tv\\\/?page_id=8577#breadcrumb\"},\"inLanguage\":\"en-US\",\"potentialAction\":[{\"@type\":\"ReadAction\",\"target\":[\"https:\\\/\\\/djecja.tv\\\/?page_id=8577\"]}]},{\"@type\":\"BreadcrumbList\",\"@id\":\"https:\\\/\\\/djecja.tv\\\/?page_id=8577#breadcrumb\",\"itemListElement\":[{\"@type\":\"ListItem\",\"position\":1,\"name\":\"Home\",\"item\":\"https:\\\/\\\/djecja.tv\\\/\"},{\"@type\":\"ListItem\",\"position\":2,\"name\":\"Pi\u0161i Uni\"}]},{\"@type\":\"WebSite\",\"@id\":\"https:\\\/\\\/djecja.tv\\\/#website\",\"url\":\"https:\\\/\\\/djecja.tv\\\/\",\"name\":\"Dje\u010dja televizija\",\"description\":\"\",\"potentialAction\":[{\"@type\":\"SearchAction\",\"target\":{\"@type\":\"EntryPoint\",\"urlTemplate\":\"https:\\\/\\\/djecja.tv\\\/?s={search_term_string}\"},\"query-input\":{\"@type\":\"PropertyValueSpecification\",\"valueRequired\":true,\"valueName\":\"search_term_string\"}}],\"inLanguage\":\"en-US\"}]}<\/script>\n<!-- \/ Yoast SEO plugin. -->","yoast_head_json":{"title":"Pi\u0161i Uni - Dje\u010dja televizija","robots":{"index":"index","follow":"follow","max-snippet":"max-snippet:-1","max-image-preview":"max-image-preview:large","max-video-preview":"max-video-preview:-1"},"canonical":"https:\/\/djecja.tv\/?page_id=8577","og_locale":"en_US","og_type":"article","og_title":"Pi\u0161i Uni - Dje\u010dja televizija","og_description":"[vc_row fullwidth=&#8221;true&#8221; equal_columns=&#8221;true&#8221;][vc_column][mk_image src=&#8221;http:\/\/djecja.tv\/wp-content\/uploads\/2019\/01\/pisi-uni-h-web.jpg&#8221; image_size=&#8221;full&#8221;][mk_divider style=&#8221;padding_space&#8221;][\/vc_column][\/vc_row][vc_row][vc_column width=&#8221;1\/2&#8243;][mk_image src=&#8221;http:\/\/djecja.tv\/wp-content\/uploads\/2015\/07\/una-pisiuni.jpg&#8221; image_width=&#8221;500&#8243; image_height=&#8221;500&#8243; crop=&#8221;false&#8221;][\/vc_column][vc_column width=&#8221;1\/2&#8243;][vc_column_text css=&#8221;.vc_custom_1546471985434{margin-bottom: 0px !important;}&#8221;]Una Zima, voditeljica je i urednica va\u0161e i na\u0161e Dje\u010dje televizije. Osim \u0161to vodi Dje\u010dju televiziju, Una u slobodno vrijeme voli \u010ditati, slu\u0161ati glazbu, putovati, i\u0107i na izlete u\u00a0prirodu, plesati i dru\u017eiti se s djecom. Najvi\u0161e voli zimske sportove \u2013 klizanje [&hellip;]","og_url":"https:\/\/djecja.tv\/?page_id=8577","og_site_name":"Dje\u010dja televizija","article_modified_time":"2019-01-02T23:33:12+00:00","twitter_card":"summary_large_image","twitter_misc":{"Est. reading time":"1 minute"},"schema":{"@context":"https:\/\/schema.org","@graph":[{"@type":"WebPage","@id":"https:\/\/djecja.tv\/?page_id=8577","url":"https:\/\/djecja.tv\/?page_id=8577","name":"Pi\u0161i Uni - Dje\u010dja televizija","isPartOf":{"@id":"https:\/\/djecja.tv\/#website"},"datePublished":"2015-07-06T12:06:21+00:00","dateModified":"2019-01-02T23:33:12+00:00","breadcrumb":{"@id":"https:\/\/djecja.tv\/?page_id=8577#breadcrumb"},"inLanguage":"en-US","potentialAction":[{"@type":"ReadAction","target":["https:\/\/djecja.tv\/?page_id=8577"]}]},{"@type":"BreadcrumbList","@id":"https:\/\/djecja.tv\/?page_id=8577#breadcrumb","itemListElement":[{"@type":"ListItem","position":1,"name":"Home","item":"https:\/\/djecja.tv\/"},{"@type":"ListItem","position":2,"name":"Pi\u0161i Uni"}]},{"@type":"WebSite","@id":"https:\/\/djecja.tv\/#website","url":"https:\/\/djecja.tv\/","name":"Dje\u010dja televizija","description":"","potentialAction":[{"@type":"SearchAction","target":{"@type":"EntryPoint","urlTemplate":"https:\/\/djecja.tv\/?s={search_term_string}"},"query-input":{"@type":"PropertyValueSpecification","valueRequired":true,"valueName":"search_term_string"}}],"inLanguage":"en-US"}]}},"publishpress_future_action":{"enabled":false,"date":"2026-05-02 17:23:20","action":"change-status","newStatus":"draft","terms":[],"taxonomy":"","extraData":[]},"publishpress_future_workflow_manual_trigger":{"enabledWorkflows":[]},"_links":{"self":[{"href":"https:\/\/djecja.tv\/index.php?rest_route=\/wp\/v2\/pages\/8577","targetHints":{"allow":["GET"]}}],"collection":[{"href":"https:\/\/djecja.tv\/index.php?rest_route=\/wp\/v2\/pages"}],"about":[{"href":"https:\/\/djecja.tv\/index.php?rest_route=\/wp\/v2\/types\/page"}],"author":[{"embeddable":true,"href":"https:\/\/djecja.tv\/index.php?rest_route=\/wp\/v2\/users\/1"}],"replies":[{"embeddable":true,"href":"https:\/\/djecja.tv\/index.php?rest_route=%2Fwp%2Fv2%2Fcomments&post=8577"}],"version-history":[{"count":8,"href":"https:\/\/djecja.tv\/index.php?rest_route=\/wp\/v2\/pages\/8577\/revisions"}],"predecessor-version":[{"id":14627,"href":"https:\/\/djecja.tv\/index.php?rest_route=\/wp\/v2\/pages\/8577\/revisions\/14627"}],"wp:attachment":[{"href":"https:\/\/djecja.tv\/index.php?rest_route=%2Fwp%2Fv2%2Fmedia&parent=8577"}],"curies":[{"name":"wp","href":"https:\/\/api.w.org\/{rel}","templated":true}]}}